{"id":18,"date":"2026-04-11T14:52:34","date_gmt":"2026-04-11T14:52:34","guid":{"rendered":"https:\/\/p-bars.com\/?page_id=18"},"modified":"2026-04-11T14:53:39","modified_gmt":"2026-04-11T14:53:39","slug":"refund_returns-2","status":"publish","type":"page","link":"https:\/\/p-bars.com\/?page_id=18","title":{"rendered":"Refunderingspolitik"},"content":{"rendered":"\t\t<div data-elementor-type=\"wp-page\" data-elementor-id=\"18\" class=\"elementor elementor-18\" data-elementor-post-type=\"page\">\n\t\t\t\t<div class=\"elementor-element elementor-element-608e1b16 e-flex e-con-boxed e-con e-parent\" data-id=\"608e1b16\" data-element_type=\"container\" data-e-type=\"container\">\n\t\t\t\t\t<div class=\"e-con-inner\">\n\t\t\t\t<div class=\"elementor-element elementor-element-12caef89 elementor-widget elementor-widget-text-editor\" data-id=\"12caef89\" data-element_type=\"widget\" data-e-type=\"widget\" data-widget_type=\"text-editor.default\">\n\t\t\t\t\t\t\t\t\t\n<h1>Refunderingspolitik<\/h1>\n<div>Vi \u00f8nsker, at du skal f\u00f8le dig tryg ved at handle hos os. Hvis du mod forventning \u00f8nsker at returnere en vare, tilbyder vi 14 dages returret fra den dag, du modtager din ordre.<\/div>\n<div>\u00a0<\/div>\n<div><strong>Betingelser for returnering<\/strong><\/div>\n<div>For at en vare kan godkendes til refundering, skal den v\u00e6re:<\/div>\n<div>\u2022 ubrugt<\/div>\n<div>\u2022 i samme stand som ved modtagelsen<\/div>\n<div>\u2022 returneret i original og ubeskadiget emballage<\/div>\n<div>\u00a0<\/div>\n<div><strong>S\u00e5dan returnerer du en vare<\/strong><\/div>\n<div>\u00d8nsker du at returnere en vare, bedes du sende os en besked via vores Whatsapp kanal <a href=\"https:\/\/wa.me\/message\/FP37P5MYQECQA1\">her.<\/a><br \/><br \/>Du bedes oplyse:<\/div>\n<div>\u2022 dit ordrenummer<\/div>\n<div>\u2022 \u00e5rsagen til returneringen<\/div>\n<div>\u00a0<\/div>\n<div>N\u00e5r vi har modtaget din henvendelse, sender vi dig en vejledning med information om, hvordan du returnerer varen.<\/div>\n<div>\u00a0<\/div>\n<div><strong>Returomkostninger<\/strong><\/div>\n<div>Returomkostninger afholdes af kunden og refunderes ikke.<\/div>\n<div>\u00a0<\/div>\n<div>Varer, der ikke kan returneres<\/div>\n<div>\u00a0<\/div>\n<div>Vi kan desv\u00e6rre ikke acceptere returnering eller refundering af:<\/div>\n<div>\u2022 varer, der har v\u00e6ret \u00e5bnet eller brugt<\/div>\n<div>\u2022 varer k\u00f8bt p\u00e5 tilbud eller med rabat<\/div>\n<div>\u00a0<\/div>\n<div><strong>Refundering<\/strong><\/div>\n<div>N\u00e5r vi har modtaget og inspiceret din returnerede vare, sender vi dig en bekr\u00e6ftelse via e-mail.<\/div>\n<div>\u00a0<\/div>\n<div>Hvis returneringen godkendes, refunderer vi bel\u00f8bet til den oprindelige betalingsmetode inden for 7\u201310 hverdage.<\/div>\n<div>\u00a0<\/div>\n<div>Bem\u00e6rk, at leveringsomkostninger ikke refunderes.<\/div>\n<div>\u00a0<\/div>\n<div>Defekte eller beskadigede varer<\/div>\n<div>\u00a0<\/div>\n<div>Hvis du modtager en defekt eller beskadiget vare, bedes du kontakte os hurtigst muligt.<\/div>\n<div>\u00a0<\/div>\n<div>Vi vurderer sagen og finder en passende l\u00f8sning. Det kan for eksempel v\u00e6re en ombytning eller en refundering.<\/div>\n\t\t\t\t\t\t\t\t<\/div>\n\t\t\t\t\t<\/div>\n\t\t\t\t<\/div>\n\t\t\t\t<\/div>\n\t\t","protected":false},"excerpt":{"rendered":"<p>Refunderingspolitik Vi \u00f8nsker, at du skal f\u00f8le dig tryg ved at handle hos os. Hvis du mod forventning \u00f8nsker at returnere en vare, tilbyder vi 14 dages returret fra den dag, du modtager din ordre. \u00a0 Betingelser for returnering For at en vare kan godkendes til refundering, skal den v\u00e6re: \u2022 ubrugt \u2022 i samme [&hellip;]<\/p>\n","protected":false},"author":1,"featured_media":0,"parent":0,"menu_order":0,"comment_status":"closed","ping_status":"closed","template":"","meta":{"_acf_changed":false,"_angie_page":false,"footnotes":""},"class_list":["post-18","page","type-page","status-publish","hentry"],"acf":[],"yoast_head":"<!-- This site is optimized with the Yoast SEO plugin v27.3 - https:\/\/yoast.com\/product\/yoast-seo-wordpress\/ -->\n<title>Refunderingspolitik - P-bars<\/title>\n<meta name=\"robots\" content=\"index, follow, max-snippet:-1, max-image-preview:large, max-video-preview:-1\" \/>\n<link rel=\"canonical\" href=\"https:\/\/p-bars.com\/?page_id=18\" \/>\n<meta property=\"og:locale\" content=\"da_DK\" \/>\n<meta property=\"og:type\" content=\"article\" \/>\n<meta property=\"og:title\" content=\"Refunderingspolitik - P-bars\" \/>\n<meta property=\"og:description\" content=\"Refunderingspolitik Vi \u00f8nsker, at du skal f\u00f8le dig tryg ved at handle hos os. Hvis du mod forventning \u00f8nsker at returnere en vare, tilbyder vi 14 dages returret fra den dag, du modtager din ordre. \u00a0 Betingelser for returnering For at en vare kan godkendes til refundering, skal den v\u00e6re: \u2022 ubrugt \u2022 i samme [&hellip;]\" \/>\n<meta property=\"og:url\" content=\"https:\/\/p-bars.com\/?page_id=18\" \/>\n<meta property=\"og:site_name\" content=\"P-bars\" \/>\n<meta property=\"article:modified_time\" content=\"2026-04-11T14:53:39+00:00\" \/>\n<meta name=\"twitter:card\" content=\"summary_large_image\" \/>\n<meta name=\"twitter:label1\" content=\"Estimeret l\u00e6setid\" \/>\n\t<meta name=\"twitter:data1\" content=\"2 minutter\" \/>\n<script type=\"application\/ld+json\" class=\"yoast-schema-graph\">{\"@context\":\"https:\\\/\\\/schema.org\",\"@graph\":[{\"@type\":\"WebPage\",\"@id\":\"https:\\\/\\\/p-bars.com\\\/?page_id=18\",\"url\":\"https:\\\/\\\/p-bars.com\\\/?page_id=18\",\"name\":\"Refunderingspolitik - P-bars\",\"isPartOf\":{\"@id\":\"https:\\\/\\\/p-bars.com\\\/#website\"},\"datePublished\":\"2026-04-11T14:52:34+00:00\",\"dateModified\":\"2026-04-11T14:53:39+00:00\",\"breadcrumb\":{\"@id\":\"https:\\\/\\\/p-bars.com\\\/?page_id=18#breadcrumb\"},\"inLanguage\":\"da-DK\",\"potentialAction\":[{\"@type\":\"ReadAction\",\"target\":[\"https:\\\/\\\/p-bars.com\\\/?page_id=18\"]}]},{\"@type\":\"BreadcrumbList\",\"@id\":\"https:\\\/\\\/p-bars.com\\\/?page_id=18#breadcrumb\",\"itemListElement\":[{\"@type\":\"ListItem\",\"position\":1,\"name\":\"Home\",\"item\":\"https:\\\/\\\/p-bars.com\\\/\"},{\"@type\":\"ListItem\",\"position\":2,\"name\":\"Refunderingspolitik\"}]},{\"@type\":\"WebSite\",\"@id\":\"https:\\\/\\\/p-bars.com\\\/#website\",\"url\":\"https:\\\/\\\/p-bars.com\\\/\",\"name\":\"P-bars\",\"description\":\"Puffbars - Danmarks st\u00f8rste udvalg &amp; hurtig levering | P-Bars\",\"publisher\":{\"@id\":\"https:\\\/\\\/p-bars.com\\\/#organization\"},\"potentialAction\":[{\"@type\":\"SearchAction\",\"target\":{\"@type\":\"EntryPoint\",\"urlTemplate\":\"https:\\\/\\\/p-bars.com\\\/?s={search_term_string}\"},\"query-input\":{\"@type\":\"PropertyValueSpecification\",\"valueRequired\":true,\"valueName\":\"search_term_string\"}}],\"inLanguage\":\"da-DK\"},{\"@type\":\"Organization\",\"@id\":\"https:\\\/\\\/p-bars.com\\\/#organization\",\"name\":\"P-bars\",\"url\":\"https:\\\/\\\/p-bars.com\\\/\",\"logo\":{\"@type\":\"ImageObject\",\"inLanguage\":\"da-DK\",\"@id\":\"https:\\\/\\\/p-bars.com\\\/#\\\/schema\\\/logo\\\/image\\\/\",\"url\":\"https:\\\/\\\/p-bars.com\\\/wp-content\\\/uploads\\\/2026\\\/04\\\/WhatsApp_Image_2026-03-15_at_13.31.32-Photoroom.avif\",\"contentUrl\":\"https:\\\/\\\/p-bars.com\\\/wp-content\\\/uploads\\\/2026\\\/04\\\/WhatsApp_Image_2026-03-15_at_13.31.32-Photoroom.avif\",\"width\":135,\"height\":100,\"caption\":\"P-bars\"},\"image\":{\"@id\":\"https:\\\/\\\/p-bars.com\\\/#\\\/schema\\\/logo\\\/image\\\/\"}}]}<\/script>\n<!-- \/ Yoast SEO plugin. -->","yoast_head_json":{"title":"Refunderingspolitik - P-bars","robots":{"index":"index","follow":"follow","max-snippet":"max-snippet:-1","max-image-preview":"max-image-preview:large","max-video-preview":"max-video-preview:-1"},"canonical":"https:\/\/p-bars.com\/?page_id=18","og_locale":"da_DK","og_type":"article","og_title":"Refunderingspolitik - P-bars","og_description":"Refunderingspolitik Vi \u00f8nsker, at du skal f\u00f8le dig tryg ved at handle hos os. Hvis du mod forventning \u00f8nsker at returnere en vare, tilbyder vi 14 dages returret fra den dag, du modtager din ordre. \u00a0 Betingelser for returnering For at en vare kan godkendes til refundering, skal den v\u00e6re: \u2022 ubrugt \u2022 i samme [&hellip;]","og_url":"https:\/\/p-bars.com\/?page_id=18","og_site_name":"P-bars","article_modified_time":"2026-04-11T14:53:39+00:00","twitter_card":"summary_large_image","twitter_misc":{"Estimeret l\u00e6setid":"2 minutter"},"schema":{"@context":"https:\/\/schema.org","@graph":[{"@type":"WebPage","@id":"https:\/\/p-bars.com\/?page_id=18","url":"https:\/\/p-bars.com\/?page_id=18","name":"Refunderingspolitik - P-bars","isPartOf":{"@id":"https:\/\/p-bars.com\/#website"},"datePublished":"2026-04-11T14:52:34+00:00","dateModified":"2026-04-11T14:53:39+00:00","breadcrumb":{"@id":"https:\/\/p-bars.com\/?page_id=18#breadcrumb"},"inLanguage":"da-DK","potentialAction":[{"@type":"ReadAction","target":["https:\/\/p-bars.com\/?page_id=18"]}]},{"@type":"BreadcrumbList","@id":"https:\/\/p-bars.com\/?page_id=18#breadcrumb","itemListElement":[{"@type":"ListItem","position":1,"name":"Home","item":"https:\/\/p-bars.com\/"},{"@type":"ListItem","position":2,"name":"Refunderingspolitik"}]},{"@type":"WebSite","@id":"https:\/\/p-bars.com\/#website","url":"https:\/\/p-bars.com\/","name":"P-bars","description":"Puffbars - Danmarks st\u00f8rste udvalg &amp; hurtig levering | P-Bars","publisher":{"@id":"https:\/\/p-bars.com\/#organization"},"potentialAction":[{"@type":"SearchAction","target":{"@type":"EntryPoint","urlTemplate":"https:\/\/p-bars.com\/?s={search_term_string}"},"query-input":{"@type":"PropertyValueSpecification","valueRequired":true,"valueName":"search_term_string"}}],"inLanguage":"da-DK"},{"@type":"Organization","@id":"https:\/\/p-bars.com\/#organization","name":"P-bars","url":"https:\/\/p-bars.com\/","logo":{"@type":"ImageObject","inLanguage":"da-DK","@id":"https:\/\/p-bars.com\/#\/schema\/logo\/image\/","url":"https:\/\/p-bars.com\/wp-content\/uploads\/2026\/04\/WhatsApp_Image_2026-03-15_at_13.31.32-Photoroom.avif","contentUrl":"https:\/\/p-bars.com\/wp-content\/uploads\/2026\/04\/WhatsApp_Image_2026-03-15_at_13.31.32-Photoroom.avif","width":135,"height":100,"caption":"P-bars"},"image":{"@id":"https:\/\/p-bars.com\/#\/schema\/logo\/image\/"}}]}},"_links":{"self":[{"href":"https:\/\/p-bars.com\/index.php?rest_route=\/wp\/v2\/pages\/18","targetHints":{"allow":["GET"]}}],"collection":[{"href":"https:\/\/p-bars.com\/index.php?rest_route=\/wp\/v2\/pages"}],"about":[{"href":"https:\/\/p-bars.com\/index.php?rest_route=\/wp\/v2\/types\/page"}],"author":[{"embeddable":true,"href":"https:\/\/p-bars.com\/index.php?rest_route=\/wp\/v2\/users\/1"}],"replies":[{"embeddable":true,"href":"https:\/\/p-bars.com\/index.php?rest_route=%2Fwp%2Fv2%2Fcomments&post=18"}],"version-history":[{"count":4,"href":"https:\/\/p-bars.com\/index.php?rest_route=\/wp\/v2\/pages\/18\/revisions"}],"predecessor-version":[{"id":3844,"href":"https:\/\/p-bars.com\/index.php?rest_route=\/wp\/v2\/pages\/18\/revisions\/3844"}],"wp:attachment":[{"href":"https:\/\/p-bars.com\/index.php?rest_route=%2Fwp%2Fv2%2Fmedia&parent=18"}],"curies":[{"name":"wp","href":"https:\/\/api.w.org\/{rel}","templated":true}]}}