{"id":692,"date":"2026-04-11T14:56:47","date_gmt":"2026-04-11T14:56:47","guid":{"rendered":"https:\/\/startersites.io\/blocksy\/garderobe\/?page_id=85"},"modified":"2026-04-11T14:57:54","modified_gmt":"2026-04-11T14:57:54","slug":"refund_returns","status":"publish","type":"page","link":"https:\/\/p-bars.com\/?page_id=692","title":{"rendered":"Leveringspolitik"},"content":{"rendered":"\t\t<div data-elementor-type=\"wp-page\" data-elementor-id=\"692\" class=\"elementor elementor-692\" data-elementor-post-type=\"page\">\n\t\t\t\t<div class=\"elementor-element elementor-element-620f24d7 e-flex e-con-boxed e-con e-parent\" data-id=\"620f24d7\" data-element_type=\"container\" data-e-type=\"container\">\n\t\t\t\t\t<div class=\"e-con-inner\">\n\t\t\t\t<div class=\"elementor-element elementor-element-36e19514 elementor-widget elementor-widget-text-editor\" data-id=\"36e19514\" data-element_type=\"widget\" data-e-type=\"widget\" data-widget_type=\"text-editor.default\">\n\t\t\t\t\t\t\t\t\t\n<div><strong>S\u00e5dan gennemf\u00f8rer du dit k\u00f8b<\/strong><\/div>\n<div>1. Find de \u00f8nskede varer og l\u00e6g dem i indk\u00f8bskurven.<\/div>\n<div>2. Tilpas din kurv ved at \u00e6ndre antal eller tilf\u00f8je og fjerne varer efter behov.<\/div>\n<div>3. Indtast dine personlige oplysninger.<\/div>\n<div>4. Gennemg\u00e5 din ordre og godkend k\u00f8bet, n\u00e5r du har l\u00e6st og accepteret handelsbetingelserne.<\/div>\n<div>5. Betal sikkert med betalingskort.<\/div>\n<div>6. N\u00e5r din bestilling er gennemf\u00f8rt, modtager du en ordrebekr\u00e6ftelse via e-mail.<\/div>\n<div>7. Vi v\u00e6lger automatisk en ekstern transport\u00f8r og sender din ordre til en pakkeshop n\u00e6r din adresse.<\/div>\n<div>8. N\u00e5r ordren er bekr\u00e6ftet, p\u00e5begynder vi pakning og klarg\u00f8ring til afsendelse.<\/div>\n<div>\u00a0<\/div>\n<div><strong>Skal jeg selv arrangere forsendelse?<\/strong><\/div>\n<div>Nej. Vi h\u00e5ndterer forsendelsen automatisk for dig.<\/div>\n<div>\u00a0<\/div>\n<div>Alle ordrer sendes til pakkeshop via en ekstern transport\u00f8r. Du skal derfor ikke selv v\u00e6lge transport\u00f8r, da vi automatisk v\u00e6lger den l\u00f8sning, der vurderes at v\u00e6re den hurtigste og mest sikre for din destination.<\/div>\n<div>\u00a0<\/div>\n<div><strong>Leveringstid<\/strong><\/div>\n<div>Den samlede leveringstid best\u00e5r af to dele:<\/div>\n<div>\u00a0<\/div>\n<div>1. Behandlingstid<\/div>\n<div>Vi bestr\u00e6ber os p\u00e5 at pakke alle ordrer s\u00e5 hurtigt som muligt. Den normale behandlingstid er 1 hverdag fra modtagelse af ordren.<\/div>\n<div>\u00a0<\/div>\n<div>2. Forsendelsestid<\/div>\n<div>N\u00e5r ordren er afsendt, er den normale leveringstid til pakkeshop 1-4 hverdage, afh\u00e6ngigt af transport\u00f8r og destination.<\/div>\n<div>\u00a0<\/div>\n<div><strong>Fragtpris<\/strong><\/div>\n<div>Den faste fragtpris er:<\/div>\n<div>\u00a0<\/div>\n<div>49 kr. pr. ordre.<\/div>\n<div>\u00a0<\/div>\n<div>Der p\u00e5l\u00e6gges ingen ekstra gebyrer, heller ikke ved st\u00f8rre pakker.<\/div>\n<div>\u00a0<\/div>\n<div>Har du sp\u00f8rgsm\u00e5l?<\/div>\n<div>\u00a0<\/div>\n<div>Du er altid velkommen til at kontakte os, hvis du har sp\u00f8rgsm\u00e5l til din ordre eller levering.<br \/><br \/>Du kan kontakte os direkte via vores Whatsapp kanal her.<\/div>\n<div>\u00a0<\/div>\n<div>Vi st\u00e5r klar til at hj\u00e6lpe dig.<\/div>\n\t\t\t\t\t\t\t\t<\/div>\n\t\t\t\t\t<\/div>\n\t\t\t\t<\/div>\n\t\t\t\t<\/div>\n\t\t","protected":false},"excerpt":{"rendered":"<p>S\u00e5dan gennemf\u00f8rer du dit k\u00f8b 1. Find de \u00f8nskede varer og l\u00e6g dem i indk\u00f8bskurven. 2. Tilpas din kurv ved at \u00e6ndre antal eller tilf\u00f8je og fjerne varer efter behov. 3. Indtast dine personlige oplysninger. 4. Gennemg\u00e5 din ordre og godkend k\u00f8bet, n\u00e5r du har l\u00e6st og accepteret handelsbetingelserne. 5. Betal sikkert med betalingskort. 6. [&hellip;]<\/p>\n","protected":false},"author":1,"featured_media":0,"parent":0,"menu_order":0,"comment_status":"closed","ping_status":"closed","template":"","meta":{"_acf_changed":false,"_angie_page":false,"footnotes":""},"class_list":["post-692","page","type-page","status-publish","hentry"],"acf":[],"yoast_head":"<!-- This site is optimized with the Yoast SEO plugin v27.3 - https:\/\/yoast.com\/product\/yoast-seo-wordpress\/ -->\n<title>Leveringspolitik - P-bars<\/title>\n<meta name=\"robots\" content=\"index, follow, max-snippet:-1, max-image-preview:large, max-video-preview:-1\" \/>\n<link rel=\"canonical\" href=\"https:\/\/p-bars.com\/?page_id=692\" \/>\n<meta property=\"og:locale\" content=\"da_DK\" \/>\n<meta property=\"og:type\" content=\"article\" \/>\n<meta property=\"og:title\" content=\"Leveringspolitik - P-bars\" \/>\n<meta property=\"og:description\" content=\"S\u00e5dan gennemf\u00f8rer du dit k\u00f8b 1. Find de \u00f8nskede varer og l\u00e6g dem i indk\u00f8bskurven. 2. Tilpas din kurv ved at \u00e6ndre antal eller tilf\u00f8je og fjerne varer efter behov. 3. Indtast dine personlige oplysninger. 4. Gennemg\u00e5 din ordre og godkend k\u00f8bet, n\u00e5r du har l\u00e6st og accepteret handelsbetingelserne. 5. Betal sikkert med betalingskort. 6. [&hellip;]\" \/>\n<meta property=\"og:url\" content=\"https:\/\/p-bars.com\/?page_id=692\" \/>\n<meta property=\"og:site_name\" content=\"P-bars\" \/>\n<meta property=\"article:modified_time\" content=\"2026-04-11T14:57:54+00:00\" \/>\n<meta name=\"twitter:card\" content=\"summary_large_image\" \/>\n<meta name=\"twitter:label1\" content=\"Estimeret l\u00e6setid\" \/>\n\t<meta name=\"twitter:data1\" content=\"2 minutter\" \/>\n<script type=\"application\/ld+json\" class=\"yoast-schema-graph\">{\"@context\":\"https:\\\/\\\/schema.org\",\"@graph\":[{\"@type\":\"WebPage\",\"@id\":\"https:\\\/\\\/p-bars.com\\\/?page_id=692\",\"url\":\"https:\\\/\\\/p-bars.com\\\/?page_id=692\",\"name\":\"Leveringspolitik - P-bars\",\"isPartOf\":{\"@id\":\"https:\\\/\\\/p-bars.com\\\/#website\"},\"datePublished\":\"2026-04-11T14:56:47+00:00\",\"dateModified\":\"2026-04-11T14:57:54+00:00\",\"breadcrumb\":{\"@id\":\"https:\\\/\\\/p-bars.com\\\/?page_id=692#breadcrumb\"},\"inLanguage\":\"da-DK\",\"potentialAction\":[{\"@type\":\"ReadAction\",\"target\":[\"https:\\\/\\\/p-bars.com\\\/?page_id=692\"]}]},{\"@type\":\"BreadcrumbList\",\"@id\":\"https:\\\/\\\/p-bars.com\\\/?page_id=692#breadcrumb\",\"itemListElement\":[{\"@type\":\"ListItem\",\"position\":1,\"name\":\"Home\",\"item\":\"https:\\\/\\\/p-bars.com\\\/\"},{\"@type\":\"ListItem\",\"position\":2,\"name\":\"Leveringspolitik\"}]},{\"@type\":\"WebSite\",\"@id\":\"https:\\\/\\\/p-bars.com\\\/#website\",\"url\":\"https:\\\/\\\/p-bars.com\\\/\",\"name\":\"P-bars\",\"description\":\"Puffbars - Danmarks st\u00f8rste udvalg &amp; hurtig levering | P-Bars\",\"publisher\":{\"@id\":\"https:\\\/\\\/p-bars.com\\\/#organization\"},\"potentialAction\":[{\"@type\":\"SearchAction\",\"target\":{\"@type\":\"EntryPoint\",\"urlTemplate\":\"https:\\\/\\\/p-bars.com\\\/?s={search_term_string}\"},\"query-input\":{\"@type\":\"PropertyValueSpecification\",\"valueRequired\":true,\"valueName\":\"search_term_string\"}}],\"inLanguage\":\"da-DK\"},{\"@type\":\"Organization\",\"@id\":\"https:\\\/\\\/p-bars.com\\\/#organization\",\"name\":\"P-bars\",\"url\":\"https:\\\/\\\/p-bars.com\\\/\",\"logo\":{\"@type\":\"ImageObject\",\"inLanguage\":\"da-DK\",\"@id\":\"https:\\\/\\\/p-bars.com\\\/#\\\/schema\\\/logo\\\/image\\\/\",\"url\":\"https:\\\/\\\/p-bars.com\\\/wp-content\\\/uploads\\\/2026\\\/04\\\/WhatsApp_Image_2026-03-15_at_13.31.32-Photoroom.avif\",\"contentUrl\":\"https:\\\/\\\/p-bars.com\\\/wp-content\\\/uploads\\\/2026\\\/04\\\/WhatsApp_Image_2026-03-15_at_13.31.32-Photoroom.avif\",\"width\":135,\"height\":100,\"caption\":\"P-bars\"},\"image\":{\"@id\":\"https:\\\/\\\/p-bars.com\\\/#\\\/schema\\\/logo\\\/image\\\/\"}}]}<\/script>\n<!-- \/ Yoast SEO plugin. -->","yoast_head_json":{"title":"Leveringspolitik - P-bars","robots":{"index":"index","follow":"follow","max-snippet":"max-snippet:-1","max-image-preview":"max-image-preview:large","max-video-preview":"max-video-preview:-1"},"canonical":"https:\/\/p-bars.com\/?page_id=692","og_locale":"da_DK","og_type":"article","og_title":"Leveringspolitik - P-bars","og_description":"S\u00e5dan gennemf\u00f8rer du dit k\u00f8b 1. Find de \u00f8nskede varer og l\u00e6g dem i indk\u00f8bskurven. 2. Tilpas din kurv ved at \u00e6ndre antal eller tilf\u00f8je og fjerne varer efter behov. 3. Indtast dine personlige oplysninger. 4. Gennemg\u00e5 din ordre og godkend k\u00f8bet, n\u00e5r du har l\u00e6st og accepteret handelsbetingelserne. 5. Betal sikkert med betalingskort. 6. [&hellip;]","og_url":"https:\/\/p-bars.com\/?page_id=692","og_site_name":"P-bars","article_modified_time":"2026-04-11T14:57:54+00:00","twitter_card":"summary_large_image","twitter_misc":{"Estimeret l\u00e6setid":"2 minutter"},"schema":{"@context":"https:\/\/schema.org","@graph":[{"@type":"WebPage","@id":"https:\/\/p-bars.com\/?page_id=692","url":"https:\/\/p-bars.com\/?page_id=692","name":"Leveringspolitik - P-bars","isPartOf":{"@id":"https:\/\/p-bars.com\/#website"},"datePublished":"2026-04-11T14:56:47+00:00","dateModified":"2026-04-11T14:57:54+00:00","breadcrumb":{"@id":"https:\/\/p-bars.com\/?page_id=692#breadcrumb"},"inLanguage":"da-DK","potentialAction":[{"@type":"ReadAction","target":["https:\/\/p-bars.com\/?page_id=692"]}]},{"@type":"BreadcrumbList","@id":"https:\/\/p-bars.com\/?page_id=692#breadcrumb","itemListElement":[{"@type":"ListItem","position":1,"name":"Home","item":"https:\/\/p-bars.com\/"},{"@type":"ListItem","position":2,"name":"Leveringspolitik"}]},{"@type":"WebSite","@id":"https:\/\/p-bars.com\/#website","url":"https:\/\/p-bars.com\/","name":"P-bars","description":"Puffbars - Danmarks st\u00f8rste udvalg &amp; hurtig levering | P-Bars","publisher":{"@id":"https:\/\/p-bars.com\/#organization"},"potentialAction":[{"@type":"SearchAction","target":{"@type":"EntryPoint","urlTemplate":"https:\/\/p-bars.com\/?s={search_term_string}"},"query-input":{"@type":"PropertyValueSpecification","valueRequired":true,"valueName":"search_term_string"}}],"inLanguage":"da-DK"},{"@type":"Organization","@id":"https:\/\/p-bars.com\/#organization","name":"P-bars","url":"https:\/\/p-bars.com\/","logo":{"@type":"ImageObject","inLanguage":"da-DK","@id":"https:\/\/p-bars.com\/#\/schema\/logo\/image\/","url":"https:\/\/p-bars.com\/wp-content\/uploads\/2026\/04\/WhatsApp_Image_2026-03-15_at_13.31.32-Photoroom.avif","contentUrl":"https:\/\/p-bars.com\/wp-content\/uploads\/2026\/04\/WhatsApp_Image_2026-03-15_at_13.31.32-Photoroom.avif","width":135,"height":100,"caption":"P-bars"},"image":{"@id":"https:\/\/p-bars.com\/#\/schema\/logo\/image\/"}}]}},"_links":{"self":[{"href":"https:\/\/p-bars.com\/index.php?rest_route=\/wp\/v2\/pages\/692","targetHints":{"allow":["GET"]}}],"collection":[{"href":"https:\/\/p-bars.com\/index.php?rest_route=\/wp\/v2\/pages"}],"about":[{"href":"https:\/\/p-bars.com\/index.php?rest_route=\/wp\/v2\/types\/page"}],"author":[{"embeddable":true,"href":"https:\/\/p-bars.com\/index.php?rest_route=\/wp\/v2\/users\/1"}],"replies":[{"embeddable":true,"href":"https:\/\/p-bars.com\/index.php?rest_route=%2Fwp%2Fv2%2Fcomments&post=692"}],"version-history":[{"count":4,"href":"https:\/\/p-bars.com\/index.php?rest_route=\/wp\/v2\/pages\/692\/revisions"}],"predecessor-version":[{"id":3848,"href":"https:\/\/p-bars.com\/index.php?rest_route=\/wp\/v2\/pages\/692\/revisions\/3848"}],"wp:attachment":[{"href":"https:\/\/p-bars.com\/index.php?rest_route=%2Fwp%2Fv2%2Fmedia&parent=692"}],"curies":[{"name":"wp","href":"https:\/\/api.w.org\/{rel}","templated":true}]}}