{"id":4189,"date":"2026-04-20T16:00:25","date_gmt":"2026-04-20T16:00:25","guid":{"rendered":"https:\/\/p-bars.com\/?product=40k-razz-bar-dual-watermelon-ice-cola-ice"},"modified":"2026-04-20T16:10:45","modified_gmt":"2026-04-20T16:10:45","slug":"puffbar-40k-razz-bar-dual-watermelon-ice-cola-ice","status":"publish","type":"product","link":"https:\/\/p-bars.com\/?product=puffbar-40k-razz-bar-dual-watermelon-ice-cola-ice","title":{"rendered":"40K Razz Bar Dual &#8211; Watermelon ice \/ Cola Ice"},"content":{"rendered":"<p><strong>G\u00f8r din dampoplevelse endnu bedre med 40K Razz Bar Dual &#8211; Watermelon Ice \/ Cola Ice<\/strong><\/p>\n<p>F\u00e5 mere ud af hver eneste ind\u00e5nding med denne premium puffbar. Med hele 40.000 puffs f\u00e5r du en holdbar l\u00f8sning, der giver dig maksimal frihed og smag uden behov for konstant at k\u00f8be nyt.<\/p>\n<p>&nbsp;<\/p>\n<p><strong>\u2601\ufe0f 2 fantastiske smage i \u00e9n puffbar<\/strong><br \/>\n40K Razz Bar Dual &#8211; Watermelon Ice \/ Cola Ice tilbyder noget helt unikt med sit dual-system, der lader dig skifte mellem to popul\u00e6re smage. Denne puffbar giver dig det bedste fra to verdener med b\u00e5de den forfriskende Watermelon Ice og den klassiske Cola Ice i \u00e9n enhed.<\/p>\n<p>&nbsp;<\/p>\n<p><strong>\ud83d\udecc Nyd 40.000 puffs \u2013 Kvalitet du kan stole p\u00e5<\/strong><br \/>\nDesignet til at holde markant l\u00e6ngere end standarden. Denne puffbar er bygget til at bevare sin intensive smag fra det f\u00f8rste sug til det allersidste, s\u00e5 du slipper for den flade fornemmelse og kan nyde stabil damp hver gang.<\/p>\n<p>&nbsp;<\/p>\n<p><strong>\ud83d\udccf Kompakt design der passer til din hverdag<\/strong><br \/>\nSelvom den er fyldt med power, har denne puffbar et ergonomisk og kompakt design, der passer perfekt i lommen eller tasken. Den er klar til brug med det samme og kr\u00e6ver ingen besv\u00e6rlig vedligeholdelse.<\/p>\n<p>&nbsp;<\/p>\n<p><strong>Pr\u00f8v 40K Razz Bar Dual &#8211; Watermelon Ice \/ Cola Ice og spar penge<\/strong><br \/>\nHvorfor betale for meget? Vi er billigere end kioskerne, og vi leverer din puffbar direkte til d\u00f8ren p\u00e5 1-4 dage. Vi er en dansk webshop med fokus p\u00e5 sikker betaling og god service, s\u00e5 du kan handle trygt og f\u00e5 mere smag for pengene.<\/p>\n","protected":false},"excerpt":{"rendered":"<p>G\u00f8r din dampoplevelse endnu bedre med 40K Razz Bar Dual &#8211; Watermelon Ice \/ Cola Ice F\u00e5 mere ud af hver eneste ind\u00e5nding med denne premium puffbar. Med hele 40.000 puffs f\u00e5r du en holdbar l\u00f8sning, der giver dig maksimal frihed og smag uden behov for konstant at k\u00f8be nyt. &nbsp; \u2601\ufe0f 2 fantastiske smage [&hellip;]<\/p>\n","protected":false},"featured_media":4190,"comment_status":"open","ping_status":"closed","template":"","meta":[],"product_brand":[],"product_cat":[18],"product_tag":[27],"class_list":{"0":"post-4189","1":"product","2":"type-product","3":"status-publish","4":"has-post-thumbnail","6":"product_cat-puffbar-randm-50k","7":"product_tag-ds","9":"first","10":"instock","11":"shipping-taxable","12":"purchasable","13":"product-type-simple"},"yoast_head":"<!-- This site is optimized with the Yoast SEO plugin v27.3 - https:\/\/yoast.com\/product\/yoast-seo-wordpress\/ -->\n<title>40K Razz Bar Dual - Watermelon ice \/ Cola Ice - P-bars<\/title>\n<meta name=\"description\" content=\"Puffbar - 40K Razz Bar Dual - Watermelon ice \/ Cola Ice k\u00f8b den her.\u2705 1-4 dages levering\u2705 Dansk webshop\u2705 Sikker betaling\u2705 Gratis fragt over 600 kr.\" \/>\n<meta name=\"robots\" content=\"index, follow, max-snippet:-1, max-image-preview:large, max-video-preview:-1\" \/>\n<link rel=\"canonical\" href=\"https:\/\/p-bars.com\/?product=puffbar-40k-razz-bar-dual-watermelon-ice-cola-ice\" \/>\n<meta property=\"og:locale\" content=\"da_DK\" \/>\n<meta property=\"og:type\" content=\"article\" \/>\n<meta property=\"og:title\" content=\"40K Razz Bar Dual - Watermelon ice \/ Cola Ice - P-bars\" \/>\n<meta property=\"og:description\" content=\"Puffbar - 40K Razz Bar Dual - Watermelon ice \/ Cola Ice k\u00f8b den her.\u2705 1-4 dages levering\u2705 Dansk webshop\u2705 Sikker betaling\u2705 Gratis fragt over 600 kr.\" \/>\n<meta property=\"og:url\" content=\"https:\/\/p-bars.com\/?product=puffbar-40k-razz-bar-dual-watermelon-ice-cola-ice\" \/>\n<meta property=\"og:site_name\" content=\"P-bars\" \/>\n<meta property=\"article:modified_time\" content=\"2026-04-20T16:10:45+00:00\" \/>\n<meta property=\"og:image\" content=\"https:\/\/p-bars.com\/wp-content\/uploads\/2026\/04\/b47994dc-346d-487a-9f9d-6a2eefc82dba.webp\" \/>\n\t<meta property=\"og:image:width\" content=\"1024\" \/>\n\t<meta property=\"og:image:height\" content=\"1024\" \/>\n\t<meta property=\"og:image:type\" content=\"image\/webp\" \/>\n<meta name=\"twitter:card\" content=\"summary_large_image\" \/>\n<meta name=\"twitter:label1\" content=\"Estimeret l\u00e6setid\" \/>\n\t<meta name=\"twitter:data1\" content=\"2 minutter\" \/>\n<script type=\"application\/ld+json\" class=\"yoast-schema-graph\">{\"@context\":\"https:\\\/\\\/schema.org\",\"@graph\":[{\"@type\":\"WebPage\",\"@id\":\"https:\\\/\\\/p-bars.com\\\/?product=puffbar-40k-razz-bar-dual-watermelon-ice-cola-ice\",\"url\":\"https:\\\/\\\/p-bars.com\\\/?product=puffbar-40k-razz-bar-dual-watermelon-ice-cola-ice\",\"name\":\"40K Razz Bar Dual - Watermelon ice \\\/ Cola Ice - P-bars\",\"isPartOf\":{\"@id\":\"https:\\\/\\\/p-bars.com\\\/#website\"},\"primaryImageOfPage\":{\"@id\":\"https:\\\/\\\/p-bars.com\\\/?product=puffbar-40k-razz-bar-dual-watermelon-ice-cola-ice#primaryimage\"},\"image\":{\"@id\":\"https:\\\/\\\/p-bars.com\\\/?product=puffbar-40k-razz-bar-dual-watermelon-ice-cola-ice#primaryimage\"},\"thumbnailUrl\":\"https:\\\/\\\/p-bars.com\\\/wp-content\\\/uploads\\\/2026\\\/04\\\/b47994dc-346d-487a-9f9d-6a2eefc82dba.webp\",\"datePublished\":\"2026-04-20T16:00:25+00:00\",\"dateModified\":\"2026-04-20T16:10:45+00:00\",\"description\":\"Puffbar - 40K Razz Bar Dual - Watermelon ice \\\/ Cola Ice k\u00f8b den her.\u2705 1-4 dages levering\u2705 Dansk webshop\u2705 Sikker betaling\u2705 Gratis fragt over 600 kr.\",\"breadcrumb\":{\"@id\":\"https:\\\/\\\/p-bars.com\\\/?product=puffbar-40k-razz-bar-dual-watermelon-ice-cola-ice#breadcrumb\"},\"inLanguage\":\"da-DK\",\"potentialAction\":[{\"@type\":\"ReadAction\",\"target\":[\"https:\\\/\\\/p-bars.com\\\/?product=puffbar-40k-razz-bar-dual-watermelon-ice-cola-ice\"]}]},{\"@type\":\"ImageObject\",\"inLanguage\":\"da-DK\",\"@id\":\"https:\\\/\\\/p-bars.com\\\/?product=puffbar-40k-razz-bar-dual-watermelon-ice-cola-ice#primaryimage\",\"url\":\"https:\\\/\\\/p-bars.com\\\/wp-content\\\/uploads\\\/2026\\\/04\\\/b47994dc-346d-487a-9f9d-6a2eefc82dba.webp\",\"contentUrl\":\"https:\\\/\\\/p-bars.com\\\/wp-content\\\/uploads\\\/2026\\\/04\\\/b47994dc-346d-487a-9f9d-6a2eefc82dba.webp\",\"width\":1024,\"height\":1024},{\"@type\":\"BreadcrumbList\",\"@id\":\"https:\\\/\\\/p-bars.com\\\/?product=puffbar-40k-razz-bar-dual-watermelon-ice-cola-ice#breadcrumb\",\"itemListElement\":[{\"@type\":\"ListItem\",\"position\":1,\"name\":\"Home\",\"item\":\"https:\\\/\\\/p-bars.com\\\/\"},{\"@type\":\"ListItem\",\"position\":2,\"name\":\"Shop\",\"item\":\"https:\\\/\\\/p-bars.com\\\/?page_id=14\"},{\"@type\":\"ListItem\",\"position\":3,\"name\":\"40K Razz Bar Dual &#8211; Watermelon ice \\\/ Cola Ice\"}]},{\"@type\":\"WebSite\",\"@id\":\"https:\\\/\\\/p-bars.com\\\/#website\",\"url\":\"https:\\\/\\\/p-bars.com\\\/\",\"name\":\"P-bars\",\"description\":\"Puffbars - Danmarks st\u00f8rste udvalg &amp; hurtig levering | P-Bars\",\"publisher\":{\"@id\":\"https:\\\/\\\/p-bars.com\\\/#organization\"},\"potentialAction\":[{\"@type\":\"SearchAction\",\"target\":{\"@type\":\"EntryPoint\",\"urlTemplate\":\"https:\\\/\\\/p-bars.com\\\/?s={search_term_string}\"},\"query-input\":{\"@type\":\"PropertyValueSpecification\",\"valueRequired\":true,\"valueName\":\"search_term_string\"}}],\"inLanguage\":\"da-DK\"},{\"@type\":\"Organization\",\"@id\":\"https:\\\/\\\/p-bars.com\\\/#organization\",\"name\":\"P-bars\",\"url\":\"https:\\\/\\\/p-bars.com\\\/\",\"logo\":{\"@type\":\"ImageObject\",\"inLanguage\":\"da-DK\",\"@id\":\"https:\\\/\\\/p-bars.com\\\/#\\\/schema\\\/logo\\\/image\\\/\",\"url\":\"https:\\\/\\\/p-bars.com\\\/wp-content\\\/uploads\\\/2026\\\/04\\\/WhatsApp_Image_2026-03-15_at_13.31.32-Photoroom.avif\",\"contentUrl\":\"https:\\\/\\\/p-bars.com\\\/wp-content\\\/uploads\\\/2026\\\/04\\\/WhatsApp_Image_2026-03-15_at_13.31.32-Photoroom.avif\",\"width\":135,\"height\":100,\"caption\":\"P-bars\"},\"image\":{\"@id\":\"https:\\\/\\\/p-bars.com\\\/#\\\/schema\\\/logo\\\/image\\\/\"}}]}<\/script>\n<!-- \/ Yoast SEO plugin. -->","yoast_head_json":{"title":"40K Razz Bar Dual - Watermelon ice \/ Cola Ice - P-bars","description":"Puffbar - 40K Razz Bar Dual - Watermelon ice \/ Cola Ice k\u00f8b den her.\u2705 1-4 dages levering\u2705 Dansk webshop\u2705 Sikker betaling\u2705 Gratis fragt over 600 kr.","robots":{"index":"index","follow":"follow","max-snippet":"max-snippet:-1","max-image-preview":"max-image-preview:large","max-video-preview":"max-video-preview:-1"},"canonical":"https:\/\/p-bars.com\/?product=puffbar-40k-razz-bar-dual-watermelon-ice-cola-ice","og_locale":"da_DK","og_type":"article","og_title":"40K Razz Bar Dual - Watermelon ice \/ Cola Ice - P-bars","og_description":"Puffbar - 40K Razz Bar Dual - Watermelon ice \/ Cola Ice k\u00f8b den her.\u2705 1-4 dages levering\u2705 Dansk webshop\u2705 Sikker betaling\u2705 Gratis fragt over 600 kr.","og_url":"https:\/\/p-bars.com\/?product=puffbar-40k-razz-bar-dual-watermelon-ice-cola-ice","og_site_name":"P-bars","article_modified_time":"2026-04-20T16:10:45+00:00","og_image":[{"width":1024,"height":1024,"url":"https:\/\/p-bars.com\/wp-content\/uploads\/2026\/04\/b47994dc-346d-487a-9f9d-6a2eefc82dba.webp","type":"image\/webp"}],"twitter_card":"summary_large_image","twitter_misc":{"Estimeret l\u00e6setid":"2 minutter"},"schema":{"@context":"https:\/\/schema.org","@graph":[{"@type":"WebPage","@id":"https:\/\/p-bars.com\/?product=puffbar-40k-razz-bar-dual-watermelon-ice-cola-ice","url":"https:\/\/p-bars.com\/?product=puffbar-40k-razz-bar-dual-watermelon-ice-cola-ice","name":"40K Razz Bar Dual - Watermelon ice \/ Cola Ice - P-bars","isPartOf":{"@id":"https:\/\/p-bars.com\/#website"},"primaryImageOfPage":{"@id":"https:\/\/p-bars.com\/?product=puffbar-40k-razz-bar-dual-watermelon-ice-cola-ice#primaryimage"},"image":{"@id":"https:\/\/p-bars.com\/?product=puffbar-40k-razz-bar-dual-watermelon-ice-cola-ice#primaryimage"},"thumbnailUrl":"https:\/\/p-bars.com\/wp-content\/uploads\/2026\/04\/b47994dc-346d-487a-9f9d-6a2eefc82dba.webp","datePublished":"2026-04-20T16:00:25+00:00","dateModified":"2026-04-20T16:10:45+00:00","description":"Puffbar - 40K Razz Bar Dual - Watermelon ice \/ Cola Ice k\u00f8b den her.\u2705 1-4 dages levering\u2705 Dansk webshop\u2705 Sikker betaling\u2705 Gratis fragt over 600 kr.","breadcrumb":{"@id":"https:\/\/p-bars.com\/?product=puffbar-40k-razz-bar-dual-watermelon-ice-cola-ice#breadcrumb"},"inLanguage":"da-DK","potentialAction":[{"@type":"ReadAction","target":["https:\/\/p-bars.com\/?product=puffbar-40k-razz-bar-dual-watermelon-ice-cola-ice"]}]},{"@type":"ImageObject","inLanguage":"da-DK","@id":"https:\/\/p-bars.com\/?product=puffbar-40k-razz-bar-dual-watermelon-ice-cola-ice#primaryimage","url":"https:\/\/p-bars.com\/wp-content\/uploads\/2026\/04\/b47994dc-346d-487a-9f9d-6a2eefc82dba.webp","contentUrl":"https:\/\/p-bars.com\/wp-content\/uploads\/2026\/04\/b47994dc-346d-487a-9f9d-6a2eefc82dba.webp","width":1024,"height":1024},{"@type":"BreadcrumbList","@id":"https:\/\/p-bars.com\/?product=puffbar-40k-razz-bar-dual-watermelon-ice-cola-ice#breadcrumb","itemListElement":[{"@type":"ListItem","position":1,"name":"Home","item":"https:\/\/p-bars.com\/"},{"@type":"ListItem","position":2,"name":"Shop","item":"https:\/\/p-bars.com\/?page_id=14"},{"@type":"ListItem","position":3,"name":"40K Razz Bar Dual &#8211; Watermelon ice \/ Cola Ice"}]},{"@type":"WebSite","@id":"https:\/\/p-bars.com\/#website","url":"https:\/\/p-bars.com\/","name":"P-bars","description":"Puffbars - Danmarks st\u00f8rste udvalg &amp; hurtig levering | P-Bars","publisher":{"@id":"https:\/\/p-bars.com\/#organization"},"potentialAction":[{"@type":"SearchAction","target":{"@type":"EntryPoint","urlTemplate":"https:\/\/p-bars.com\/?s={search_term_string}"},"query-input":{"@type":"PropertyValueSpecification","valueRequired":true,"valueName":"search_term_string"}}],"inLanguage":"da-DK"},{"@type":"Organization","@id":"https:\/\/p-bars.com\/#organization","name":"P-bars","url":"https:\/\/p-bars.com\/","logo":{"@type":"ImageObject","inLanguage":"da-DK","@id":"https:\/\/p-bars.com\/#\/schema\/logo\/image\/","url":"https:\/\/p-bars.com\/wp-content\/uploads\/2026\/04\/WhatsApp_Image_2026-03-15_at_13.31.32-Photoroom.avif","contentUrl":"https:\/\/p-bars.com\/wp-content\/uploads\/2026\/04\/WhatsApp_Image_2026-03-15_at_13.31.32-Photoroom.avif","width":135,"height":100,"caption":"P-bars"},"image":{"@id":"https:\/\/p-bars.com\/#\/schema\/logo\/image\/"}}]}},"_links":{"self":[{"href":"https:\/\/p-bars.com\/index.php?rest_route=\/wp\/v2\/product\/4189","targetHints":{"allow":["GET"]}}],"collection":[{"href":"https:\/\/p-bars.com\/index.php?rest_route=\/wp\/v2\/product"}],"about":[{"href":"https:\/\/p-bars.com\/index.php?rest_route=\/wp\/v2\/types\/product"}],"replies":[{"embeddable":true,"href":"https:\/\/p-bars.com\/index.php?rest_route=%2Fwp%2Fv2%2Fcomments&post=4189"}],"wp:featuredmedia":[{"embeddable":true,"href":"https:\/\/p-bars.com\/index.php?rest_route=\/wp\/v2\/media\/4190"}],"wp:attachment":[{"href":"https:\/\/p-bars.com\/index.php?rest_route=%2Fwp%2Fv2%2Fmedia&parent=4189"}],"wp:term":[{"taxonomy":"product_brand","embeddable":true,"href":"https:\/\/p-bars.com\/index.php?rest_route=%2Fwp%2Fv2%2Fproduct_brand&post=4189"},{"taxonomy":"product_cat","embeddable":true,"href":"https:\/\/p-bars.com\/index.php?rest_route=%2Fwp%2Fv2%2Fproduct_cat&post=4189"},{"taxonomy":"product_tag","embeddable":true,"href":"https:\/\/p-bars.com\/index.php?rest_route=%2Fwp%2Fv2%2Fproduct_tag&post=4189"}],"curies":[{"name":"wp","href":"https:\/\/api.w.org\/{rel}","templated":true}]}}